et d = 175 + -121. Suppose -55*s + d*s + 1 = 0. What is the remainder when s is divided by 1?
0
Let p(n) = -14*n**2 - 54*n - 4. What is the remainder when 509 is divided by p(-3)?
29
Let g = 342 + -270. Calculate the remainder when 128 is divided by g.
56
Let n(w) = w**3 + 18*w**2 + 19*w + 39. Let d be n(-17). Calculate the remainder when 137 is divided by (1 - d) + 11 + 28.
32
Let p be 4/22 + 1340/(-110). Calculate the remainder when 30 is divided by (87/(-6) + 1)*16/p.
12
Suppose 4*r + b - 247 = 0, -2*r + 0*b = -5*b - 129. What is the remainder when 117 is divided by r?
55
Let l be (2*3/(-2))/(11/11). Let k = -13 - -29. What is the remainder when ((-1 - l) + -3)*-63 is divided by k?
15
Suppose 0*m + 12 = 4*m. Let z(s) = 3*s - 37. Let k be z(5). Calculate the remainder when (-1 + (-6)/m)*k is divided by 23.
20
Let y be 3 + (3 - (-3 + -1)). What is the remainder when 3 is divided by (8/10)/(-5 + 54/y)?
1
Suppose b + b = 10, p + 3*b - 17 = 0. Suppose -p*j + 34 = -12. What is the remainder when 66 is divided by j?
20
Let a = -21 - -23. What is the remainder when (-2)/3*(0 - 3) is divided by a?
0
Suppose -3*q = 4*o - 17, 2*o + 16 = -2*o. Suppose 3*k - h = q, -3*h - 22 = -5*k - 5*h. Suppose -45 = -k*c + 47. Calculate the remainder when 66 is divided by c.
20
Suppose 26 = -r + 5*j, 2*j + 5 = 2*r + 17. Let p(c) = -98*c**3 + 2*c**2 + 2*c + 1. What is the remainder when p(r) is divided by 25?
24
Let f(j) = j**3 - 13*j**2 - j + 19. Suppose -30 - 35 = -5*o. Calculate the remainder when f(o) is divided by 4.
2
Let a be (-19 - -27)*(-1 + (-9)/(-4)). Let n = a + 5. Calculate the remainder when 40 is divided by n.
10
Suppose -12*n + 516 = -0*n. Calculate the remainder when 125 is divided by n.
39
Let c = -9 - -5. Let l(f) = -37*f + 4. Let d be l(c). Suppose 5*v + 5*n - 170 = 0, -v + d = 4*v - n. Calculate the remainder when v is divided by 8.
7
Let o = 26 + -7. Let x = 969 - 897. What is the remainder when x is divided by o?
15
Suppose 5*d - 89 = -14. Calculate the remainder when 32 is divided by d.
2
Suppose -16*l = 45*l - 85766. Calculate the remainder when l is divided by 88.
86
Let v = 16 - -36. What is the remainder when 207 is divided by v?
51
Suppose -2*m = 4*c - 3*c - 12, 60 = 5*c - m. Suppose -c*j + 188 = -8*j. Calculate the remainder when j is divided by 26.
21
Let n(g) = -g - 5. Let v be n(-9). Suppose -v*b + 91 + 169 = 0. Suppose -3 = z + 5*f - 16, -5*z + b = -5*f. Calculate the remainder when 62 is divided by z.
10
Suppose 4*l - 2*t - 14 = 24, 0 = 2*l + t - 13. Let c = 2700 - 2647. What is the remainder when c is divided by l?
5
What is the remainder when 13 - (-6)/(-1) - (-147)/3 is divided by 29?
27
Let m be (-4)/(-6)*13*3. Suppose b = -m + 73. What is the remainder when b is divided by 16?
15
Let m = -144 - -373. Calculate the remainder when m is divided by 23.
22
Let g(r) = -r**2 + 21*r + 2. Let y be g(16). Suppose -f = f - 3*k - 73, 3*f + k - y = 0. What is the remainder when 83 is divided by f?
25
Suppose -15*t + 3*c = -17*t + 6, 3*t - 2*c - 22 = 0. Let j(i) = 5*i**2 + i + 1. What is the remainder when j(2) is divided by t?
5
Suppose -m + 2*m = -2*l + 5, 5*l + 3*m = 13. What is the remainder when 101 is divided by 1*-13*(-2 + l + -1)?
10
Let d = 99 - 36. Let z be 57 - (-3)/1*-1. Let m = z - 38. Calculate the remainder when d is divided by m.
15
Let y(b) = -b. Let x be y(-5). Let h(n) = 2*n**2 - 8*n + 4. Calculate the remainder when 25 is divided by h(x).
11
Let k be (2 - (-60)/(-35))*14. Suppose -2*d - d - 6 = -k*y, 4*y - 20 = -4*d. Calculate the remainder when 7 is divided by d.
1
Suppose 446 - 1522 = -4*f. What is the remainder when f is divided by 68?
65
Let o(u) = 2*u**2 + u - 1. Let n be o(0). Calculate the remainder when 201 is divided by (-11 + n)*51/(-12).
48
Let g = 22 + -6. Let y = 12 + -30. Calculate the remainder when 140/4*y/(-21) is divided by g.
14
Let y = 42 + -28. Calculate the remainder when 61 is divided by y.
5
Suppose -3*c + g + 0*g + 23 = 0, -5*c - 5*g = -45. What is the remainder when 103 is divided by c?
7
Suppose -5*a + 100 = -5*n, -3*a - 3*n + 7*n + 60 = 0. Calculate the remainder when 229 is divided by a.
9
Suppose 5*x - 4*h = -0*h + 105, -3*h - 85 = -4*x. Suppose -13*v + 16*v = 369. What is the remainder when v is divided by x?
23
Suppose 10*d + 24684 = -13236. Calculate the remainder when (2*(-2)/(-8))/((-12)/d) is divided by 53.
52
Let w = 37 + 38. Suppose 33*d - 364 = 890. Calculate the remainder when w is divided by d.
37
Let l(c) = -2*c - 5. Suppose -k = -5*m + 17, 4*m + 5*k + 5 = 7. What is the remainder when l(-9) is divided by m?
1
Suppose -13*l = -9*l - 184. Let q = 189 - l. Calculate the remainder when q is divided by 49.
45
Suppose 302 = 5*m - p, 77 = m - 4*p + 9. Suppose -9*g - 209 = -28*g. What is the remainder when m/(-8)*(-72)/10 is divided by g?
10
Suppose -6*y + 49 = 37, 0 = b + 5*y - 68. Let f(a) = 16*a**2 - 1. Calculate the remainder when b is divided by f(1).
13
Suppose z + 74*i - 69*i = 55, -3*i = 4*z - 118. What is the remainder when (-464)/(-10) + (-4)/10 is divided by z?
21
Suppose 4 = s - 1. Suppose 4*t = -0*z + s*z - 58, -3*z + 32 = -t. Suppose 90 = 3*y - 24. What is the remainder when y is divided by z?
8
Let l(m) = 19*m**2 - 5*m - 8. What is the remainder when l(-2) is divided by 10?
8
Suppose -3*n - 22 = -5*y, 0 = 5*y - 0*n - 4*n - 21. What is the remainder when 18 is divided by (-24)/(-40) + 57/y?
6
Suppose -270 = -295*l + 292*l. Calculate the remainder when 288 is divided by l.
18
Let c be (1 + 8/(-6))*-6. Suppose -4*f = 2*t + 10, -c*f = t + 2*f + 13. Suppose 16 = t*d + 1. Calculate the remainder when 13 is divided by d.
3
Let j = -5 - -10. Suppose -j*z + 6 + 4 = 0. Suppose -s - 2*b - 3 = -17, 0 = z*b + 10. Calculate the remainder when s is divided by 9.
6
Suppose o = 148 - 50. Let u = -51 - -16. Calculate the remainder when o is divided by 127/5 + 14/u.
23
What is the remainder when 127 is divided by 121 - (35/21 - 2)*-9?
9
Suppose -10 = 2*t, 0*i - 2*t = -4*i + 410. Calculate the remainder when (2 + -4)/((-4)/202) is divided by (2 + i)*(-1)/(-3).
33
Let m = 22 - 15. Suppose 10 = -5*j, 2*r - m*j = -3*j + 14. Suppose 6 = 4*x - r*x. What is the remainder when 23 is divided by x?
5
Suppose -4*q + 307 = 3*a, -2*a - 456 + 154 = -4*q. Calculate the remainder when q is divided by 13.
11
Let l = 2 - 2. Suppose l*f = f - 20. Calculate the remainder when 39 is divided by f.
19
Let h = 81 - 48. Suppose 0*r + 4*l = -3*r + 67, 5*l - h = -2*r. Let g = 52 - r. What is the remainder when g is divided by 6?
5
Let g(f) = -8*f**3 + 3*f**2 - 3*f + 13. Let b(v) = 4*v**3 - 2*v**2 + 2*v - 7. Let k(p) = -11*b(p) - 6*g(p). What is the remainder when k(3) is divided by 33?
32
Suppose 0 = 249*t - 235*t - 868. Calculate the remainder when 1672 is divided by t.
60
Suppose -3*v = 4*y - 38 - 140, -4*v = 4*y - 236. Suppose -g - 46 = -v. Calculate the remainder when 165 is divided by g.
9
Let a = 93 - 71. What is the remainder when 56 is divided by a?
12
Let u = 52 + -32. Suppose 11*m - 10*m = u. What is the remainder when 98 is divided by m?
18
Suppose -76 = -4*f - 6*g + g, 0 = -3*f - 4*g + 58. Suppose p - f = 2. Calculate the remainder when p is divided by 5.
1
Let q be (-7 + 6)/(2/(-6)). Suppose -t + 2 + q = 0. Calculate the remainder when t is divided by 2.
1
Suppose 8*w - 53 = 283. What is the remainder when 115 is divided by w?
31
Suppose 0 = 2*b - 3*w - 13, -7 = -b - 3*w + 5*w. Suppose b*r - 348 = 187. What is the remainder when r is divided by 22?
19
Let m(b) = -8*b**2. Let u be m(2). Let s = u + 40. Calculate the remainder when 31 is divided by s.
7
Let b be (48/30)/((-3)/15). Let a(p) = 2*p**2 + 16*p + 7. Suppose 5*u - 5 - 5 = 0. What is the remainder when a(b) is divided by u?
1
Calculate the remainder when 27 is divided by 10 + 1 + 0 + 6.
10
Let t(x) = -4 + 7*x**2 - x**3 - 3 + x + 0*x**3 + 4. Let s be t(7). Suppose 25 = s*h + h. Calculate the remainder when 19 is divided by h.
4
Let g(u) be the first derivative of u**3/3 - u**2/2 + 3*u + 15. What is the remainder when 27 is divided by g(4)?
12
Let x = 362 - 49. Calculate the remainder when x is divided by 84.
61
Let g(v) = 13*v**2 - 17*v + 30. What is the remainder when 239 is divided by g(2)?
47
Let t be 178 + (-5 - -4 - 2) + -1. Suppose -50 = -